897
Let i(h) = 355*h - 3571. What are the prime factors of i(19)?
2, 3, 23
Let p = 24 + -26. Let z(o) = 11*o**3 + 4*o**2 + o - 2. Let s be z(p). What are the prime factors of (-19)/s + 710/8?
89
Suppose 10*k = 3*a + 6*k + 1895, 0 = 5*a + k + 3143. Let f = -304 - a. What are the prime factors of f?
5, 13
Let d be (0/1 - 0)/((-10)/10). Let j(l) = -5*l**3 - 2*l**2 - l - 1. Let h be j(-4). Suppose d = 4*q - q - h. List the prime factors of q.
97
Let w = -614 - -631. Suppose 3*o + g - 1765 = 0, -2*o - 4*g + w = -1163. What are the prime factors of o?
2, 3, 7
What are the prime factors of 13319/3 - ((-52)/84 - 8/(-28))?
2, 3, 5, 37
Let x = 831 - 280. Suppose -b - 837 - x = -4*z, -b = 5*z - 1726. What are the prime factors of z?
2, 173
Let n(t) = 25*t**2 - t - 1. Let x be n(1). Let g = x - 44. Let m = g + 28. List the prime factors of m.
7
Suppose 4*k - 381*z = -378*z + 57882, k + 4*z = 14442. List the prime factors of k.
2, 3, 2411
Let u be (-21)/(-49) + 809/7. Let j be (u/6)/(22/99). Suppose 14*c - j = 13*c. List the prime factors of c.
3, 29
List the prime factors of (6948/(-54) + -1)/(2/(-318)).
53, 389
Let r(n) = n**3 - 60*n**2 + 73*n + 209. What are the prime factors of r(59)?
3, 5, 23
Let d be -1 - ((-262)/10 - (-210)/175). What are the prime factors of ((-2854)/8)/(-2*3/d)?
1427
Let n be (2*83)/(-10 - -12). Let p = 170 + n. Let a = 435 - p. List the prime factors of a.
2, 7, 13
Suppose -11*d + 4*q = -15*d + 39876, -49821 = -5*d + 3*q. List the prime factors of d.
2, 3, 11, 151
Suppose -1061 = 4*b + 3*t, -6*b + 11*b = -2*t - 1321. Let x = b - -1300. What are the prime factors of x?
17, 61
List the prime factors of (192*125)/(-315 - -316).
2, 3, 5
What are the prime factors of (51/153)/((-1)/(-17187))?
17, 337
Let c = 4 - 2. Suppose 3*a + 2*m - 18 = 7*a, 0 = -a + 5*m + 18. What are the prime factors of ((-28)/a)/(c/4)?
2
Let g(b) = 2*b - 15. Let a be g(9). Suppose 4*i = -a*z + 2*z - 2, -5*i = 0. List the prime factors of 3 + 2502/39 + z/13.
67
Let y = 31879 - 6364. What are the prime factors of y?
3, 5, 7
Let u(l) = l**2 + 6*l - 17. Let z be u(-7). Let v be 5*(16/z)/(-4). Suppose o + 52 = v*o + 3*q, -5*q - 159 = -2*o. What are the prime factors of o?
67
Suppose 2700 = 2*u + 2*u. Suppose -3*h + u = -711. Suppose 7*v - h = -0*v. What are the prime factors of v?
2, 3, 11
Suppose 5*g = -5*w - 285, 3*w + 14*g + 173 = 13*g. Let o = 500 + w. What are the prime factors of o?
2, 13, 17
Suppose -110*p + 77959 + 1524092 = 44671. List the prime factors of p.
2, 7079
Suppose 5*l = 5*x + 3460, -x = -0*x + 4*l + 692. Let m = x + 1566. What are the prime factors of m?
2, 19, 23
Let o(p) = 74*p**3 + 2*p**2 - p - 4. Let x be o(2). Let l = x + -269. What are the prime factors of l?
5, 13
Let q(v) = v**3 - 5*v**2 - 17*v + 41. Suppose 4*s - 2*f = 40, 0 = 5*s - 2*f - 33 - 15. What are the prime factors of q(s)?
97
Suppose -2*t - 2 = -4*n, t + 2*n - 5 = 10. Suppose b = -t*b + 160. What are the prime factors of b?
2, 5
Suppose 0 = -4*t - 4*v - 1 + 45, -5*v = 5. Suppose 14216 + 6448 = t*k. What are the prime factors of k?
2, 3, 7, 41
Suppose 17*t + 35257 - 143734 = 0. List the prime factors of t.
3, 709
Suppose -201*f + 27494 = -199*f. List the prime factors of f.
59, 233
Let y(j) = 29*j**3 - 3*j**2 + 3*j - 3. Let d be y(3). Let c(b) = -31 + 2*b**2 - d*b + 0 + 768*b. List the prime factors of c(-7).
5
Let h = 12551 + -7053. What are the prime factors of h?
2, 2749
Let n(c) = 16*c + 2. Let s be n(-7). Let x = -110 - s. Suppose -395 = -3*v - 3*z + 253, -5*v - 3*z + 1074 = x. List the prime factors of v.
3, 71
Suppose 35292 = 10*n + 7*n. Suppose -324*a + n = -318*a. List the prime factors of a.
2, 173
Let q(k) = -14*k**2 + 75*k + 27. Let j(t) = 8*t**2 - 37*t - 13. Let b(p) = 11*j(p) + 6*q(p). What are the prime factors of b(-19)?
2, 17, 19
Let o(y) = 286*y - 1198. What are the prime factors of o(28)?
2, 3, 5, 227
Let o be (-2)/6 + 13/((-585)/(-3030)). Suppose 70*j - 1866 = o*j. List the prime factors of j.
2, 311
Let a(y) = -y**3 + 5*y**2 - 2*y + 3. Let k be a(4). Suppose n = 4 + k. Let j = 81 - n. List the prime factors of j.
2, 3, 11
Let t = 28733 - 930. Suppose t = 29*s - 4213. List the prime factors of s.
2, 3, 23
Let u = -250 - -108. Let k = u + 175. What are the prime factors of k?
3, 11
Suppose -349*w = -360*w + 94039. What are the prime factors of w?
83, 103
Suppose -180*y - 661840 = -386*y + 196*y. What are the prime factors of y?
2, 8273
Let a(t) be the third derivative of -t**6/120 + t**5/4 - t**4/8 + 5*t**3 + 31*t**2. Let o be a(15). List the prime factors of 10/4*((-363)/o + -3).
53
Let f be 3/6 + (-2)/(-4)*-239. Let i be 2/(((-1)/4)/(f/(-28))). Let a = 6 - i. List the prime factors of a.
2, 5
What are the prime factors of 16888*((-280)/49 + 6)/(4/7)?
2, 2111
Let k be (-23 + 23)*(-1 - 0 - 0). Let r be 3/((-15)/(-10)) + k. List the prime factors of (-61 - (-1 - 2))/(1 - r).
2, 29
Let r be (-7 + 2 + (-6 - -11))*1. Suppose r = -235*g + 226*g + 8325. What are the prime factors of g?
5, 37
Suppose 0 = -375*l + 384*l - 56426 - 203431. What are the prime factors of l?
13, 2221
Suppose 329*b - 330*b + 4*w = -39152, b + 3*w = 39103. List the prime factors of b.
2, 9781
Suppose 4*r - 863 = d, -d - 4*d - r = 4315. List the prime factors of 10/25 - d/5.
173
Let j = -673 + 948. Let v be ((-10)/15)/(4/354). Let i = j + v. List the prime factors of i.
2, 3
Let w(i) be the second derivative of 41*i**4/12 - 5*i**3/2 + 39*i**2 + 35*i. List the prime factors of w(4).
2, 337
Suppose -7180 = -2*o + 3*y, -o - 123*y + 128*y + 3611 = 0. List the prime factors of o.
3581
Let s be (1*-7)/((-26)/130). Suppose -8249 = -s*d + 26681. What are the prime factors of d?
2, 499
Let w = -178 - -270. Suppose 0 = c - w - 126. List the prime factors of c.
2, 109
Let q(l) be the first derivative of l**4/4 + l**3 - l**2 + 4. Let k be q(-4). Let a(f) = -f + 8. List the prime factors of a(k).
2
Let c be (-2)/(((-5)/(-8))/(-5)). Suppose 4*o + 4 = -c, 1615 = 3*b + 4*o. What are the prime factors of b?
5, 109
Let n = 65 - 63. Suppose 2490 = 3*v + n*v. Suppose 0 = 2*d - 8*d + v. What are the prime factors of d?
83
Let k = 77 - 73. Suppose v + 867 = k*v. Suppose 287 + v = 6*f. List the prime factors of f.
2, 3
Let y(x) = x**2 - 87*x + 22935. List the prime factors of y(0).
3, 5, 11, 139
Suppose 0 = -5*c + 12 + 3, -4*g - 515 = -5*c. Suppose 5*u - 2*x = -533, 2*u + x = 6*u + 427. Let f = u - g. List the prime factors of f.
2, 3
Let z = -46185 + 67063. What are the prime factors of z?
2, 11, 13, 73
Let f be -2 - (-120 - (-2 + 4)). Suppose -11*n + 8*n - f = 0. List the prime factors of (8/n)/((-2)/170).
17
Let g = 255 - -263. Let a be g/3 + 10/3 + -4. What are the prime factors of 2/(-3)*a/8*-6?
2, 43
Let b(o) = 6*o - 2*o + 9*o**2 + 4*o + 28 + o**3 - 24. Let c be b(-8). Suppose 2*d = -2*d - 5*s + 111, -112 = -c*d - 4*s. What are the prime factors of d?
29
Let c = 40 - 35. Suppose 4*i - 43 = -3*b, 0*i + 4*b + 15 = c*i. What are the prime factors of (-8)/28 - (-499)/i - -2?
73
Let b = 89 + -85. Suppose 0 = 5*y + 2*l - 124 - 350, -3*y + 290 = b*l. Suppose 0 = 97*a - y*a - 225. What are the prime factors of a?
3, 5
Suppose 3*q = 3*t - q - 9599, -3225 = -t - 5*q. What are the prime factors of t?
5, 641
Let k = 4729 + -3403. What are the prime factors of k?
2, 3, 13, 17
What are the prime factors of -11*(-28)/(-2926) + 85559/19?
3, 19, 79
Suppose -2*t + 60 + 42 = 0. Suppose 8*g - 3*g + z - 785 = 0, 0 = -2*z. Suppose -2*k = t - g. List the prime factors of k.
53
Let y = -45 - -42. Let q be 3/(y/(-2))*(-6)/(-4). Suppose -5*x + 7*u - q*u = -452, 4*x + u - 370 = 0. List the prime factors of x.
2, 23
Let p(x) = x**3 - 29*x**2 + 20*x + 48. Let l be p(33). Suppose j = -5*j + l. What are the prime factors of j?
2, 211
Suppose 5793*b - 7620 = 5781*b. List the prime factors of b.
5, 127
Let w(v) = 18*v**2 - v + 2. Let x be 4/(-4 + 8)*(8 + 1). Suppose -p = -x + 7. List the prime factors of w(p).
2, 3
Suppose 5*k - m = 24, -5*k - 3*m = -25 - 3. Let r be 10/(-25) + 0 - (-2177)/k. Suppose 39*a = 34*a + r. What are the prime factors of a?
3, 29
Suppose 10*w + 28766 = 11*w - 5*k, 86272 = 3*w - 2*k. List the prime factors of w.
2, 7, 13, 79
Let f be (-1444)/6 - (28/12 + -2). What are the prime factors of f/(3 - 7/2) - 4?
2, 239